{"id":10,"date":"2023-03-09T07:14:28","date_gmt":"2023-03-09T07:14:28","guid":{"rendered":"https:\/\/innet.fi\/tuki\/winhit-ohjeet\/"},"modified":"2025-09-17T09:43:41","modified_gmt":"2025-09-17T09:43:41","slug":"winhit-ohjeet","status":"publish","type":"page","link":"https:\/\/innet.fi\/tuki\/winhit-ohjeet\/","title":{"rendered":"WinHIT ohjekirjat"},"content":{"rendered":"<div id=\"sp-page\" class=\"spBgcover sp-content-1\" style=\"background-color: rgb(255, 255, 255); font-family: 'Open Sans', sans-serif; font-weight: 400;\">\n<section id=\"sp-d40k9e\" data-mobile-visibility=\"#sp-d40k9e|false\" data-tablet-visibility=\"#sp-d40k9e|false\" data-desktop-visibility=\"#sp-d40k9e|false\" data-mobile-css=\"\" data-tablet-css=\"\" class=\"sp-el-section  spBgcustom\" style=\"background-image: linear-gradient(90deg, rgb(20, 109, 142) 0%, rgb(27, 56, 80) 100%); width: 100%; max-width: 100%; background-position: 0px 0px; background-size: 100%;\">\n<div id=\"sp-aqutxc\" data-mobile-visibility=\"#sp-aqutxc|false\" data-tablet-visibility=\"#sp-aqutxc|false\" data-desktop-visibility=\"#sp-aqutxc|false\" data-mobile-css=\"\" data-tablet-css=\"\" class=\"sp-el-row sp-w-full  sp-m-auto sm:sp-flex sp-justify-between\" style=\"width: auto; max-width: 1200px;\">\n<div id=\"sp-fi0aj8\" data-mobile-visibility=\"#sp-fi0aj8|false\" data-tablet-visibility=\"#sp-fi0aj8|false\" data-desktop-visibility=\"#sp-fi0aj8|false\" data-mobile-css=\"\" data-tablet-css=\"\" class=\"sp-el-col  sp-w-full\" style=\"width: calc(35% + 0px);\">\n<figure id=\"sp-yx32gy\" data-mobile-css=\"#sp-yx32gy|text-align:center;\" data-tablet-css=\"#sp-yx32gy|text-align:center;\" class=\"sp-image-wrapper sp-el-block\" style=\"margin: 0px; text-align: left;\">\n<div><span><a href=\"https:\/\/innet.fi\/tuki\/etusivu\/\" target=\"\" rel=\"\" class=\"sp-inline-block\"><img loading=\"lazy\" decoding=\"async\" src=\"https:\/\/innet.fi\/tuki\/wp-content\/uploads\/sites\/4\/2023\/03\/winhit_tuki_logo.png\" alt=\"\" width=\"262\" height=\"63\" data-mobile-visibility=\".sp-image-block-yx32gy|false\" data-tablet-visibility=\".sp-image-block-yx32gy|false\" data-desktop-visibility=\".sp-image-block-yx32gy|false\" class=\"sp-image-block-yx32gy\" style=\"width: 262px;\"><\/a><\/span><\/div>\n<div id=\"sp-image-dynamic-tags-js-yx32gy\"><script>jQuery(function() { image_dynamic_tags('yx32gy' );});<\/script><\/div>\n<\/figure>\n<\/div>\n<div id=\"sp-ry3pqz\" data-mobile-visibility=\"#sp-ry3pqz|false\" data-tablet-visibility=\"#sp-ry3pqz|false\" data-desktop-visibility=\"#sp-ry3pqz|false\" data-mobile-css=\"\" data-tablet-css=\"\" class=\"sp-el-col  sp-w-full\" style=\"width: calc(65% + 0px);\">\n<div id=\"sp-cm3hzr315v2\" data-mobile-css=\"#sp-cm3hzr315v2 .nav-menu .menu-item |text-align:center;width:100%\" data-tablet-css=\"#sp-cm3hzr315v2 .nav-menu .menu-item |text-align:center\" data-mobile-visibility=\".sp-nav-menu-block-cm3hzr315v2|false\" data-tablet-visibility=\".sp-nav-menu-block-cm3hzr315v2|false\" data-desktop-visibility=\".sp-nav-menu-block-cm3hzr315v2|false\" class=\"sp-nav sp-flex sp-el-block sp-justify-end sp-nav-menu-block-cm3hzr315v2\" style=\"margin: 30px 0px 0px; text-transform: uppercase; font-size: 14px; letter-spacing: 1px; color: rgb(255, 255, 255); font-family: 'Open Sans'; font-weight: 600; font-style: normal;\">\n<style type=\"text\/css\" data-mobile-css=\"\" data-tablet-css=\"#sp-cm3hzr315v2|justify-content:center\"><\/style>\n<style type=\"text\/css\" data-mobile-css=\"#sp-cm3hzr315v2 ul li a |text-align:center\" data-tablet-css=\"#sp-cm3hzr315v2 ul li a |text-align:center\"><\/style>\n<style type=\"text\/css\" data-mobile-css=\"\"><\/style>\n<style type=\"text\/css\" data-mobile-css=\"#sp-cm3hzr315v2 .nav-bar |align-items:center\"><\/style>\n<style type=\"text\/css\">\n    #sp-cm3hzr315v2 .seedprod-menu-horizontal .nav-menu .menu-item ,#sp-cm3hzr315v2 .seedprod-menu-horizontal .nav-menu .seedprod-menu-heading , #sp-cm3hzr315v2 .seedprod-menu-separator {padding:0px 18.5px}<\/p>\n<p>    #sp-cm3hzr315v2 .nav-menu ul.sub-menu {box-shadow:0px 0px 3px 0px #E3E3E3 }<\/p>\n<p>    #sp-cm3hzr315v2 ul li a {text-transform:uppercase;font-size:14px;letter-spacing:1px;font-family:Open Sans;font-weight:600;font-style:normal}<\/p>\n<p>    #sp-cm3hzr315v2 .seedprod-menu-horizontal .nav-menu .separator.menu-item { padding:0px; }<\/p>\n<p>    #sp-cm3hzr315v2 .custom-restricted-width .menu-item{padding:18.5px 0px}<\/p>\n<p>    #sp-cm3hzr315v2 .seedprod-menu-list li a {color:#FFFFFF;text-align:right}\n    #sp-cm3hzr315v2 .seedprod-menu-list li{color:#FFFFFF;text-align:right}<\/p>\n<p>    #sp-cm3hzr315v2 .seedprod-menu-list li a:hover {color:#9e9e9e !important;text-align:right}<\/p>\n<p>    #sp-cm3hzr315v2 .sub-menu {border-radius:4px;line-height:47px;border-width:0px;border-color:#F2F2F2 !important;padding:8px 5px 8px 5px }<\/p>\n<p>    #sp-cm3hzr315v2 .sub-menu a {color:#838383 !important}<\/p>\n<p>    #sp-cm3hzr315v2 ul.seedprod-menu-list ul.sub-menu li a:hover{color:#9e9e9e}<\/p>\n<p>    #sp-cm3hzr315v2 .bar{background-color:#FFFFFF;}\n  <\/style>\n<div class=\"sp-nested-nav-wrapper h sp-nav-classwinhit-tuki\">\n<div class=\"seedprod-menu seedprod-menu-builder seedprod-menu-horizontal sp-mobile-menu-true\">\n<div class=\"\">\n<nav class=\"nav-bar\">\n<div class=\"hamburger\"><span class=\"bar\"><\/span><span class=\"bar\"><\/span><span class=\"bar\"><\/span><\/div>\n<div class=\"nav-menu\">\n<div>\n              <div class=\"nav-menu-bar\"><ul id=\"menu-menu-1\" class=\"seedprod-menu-list\"><li id=\"menu-item-30\" class=\"menu-item menu-item-type-post_type menu-item-object-page menu-item-home menu-item-30\"><a href=\"https:\/\/innet.fi\/tuki\/\">Etusivu<\/a><\/li>\n<li id=\"menu-item-267\" class=\"menu-item menu-item-type-custom menu-item-object-custom menu-item-has-children menu-item-267\"><a href=\"https:\/\/innet.fi\/tuki\/winhit-ohjeet\/\">Dokumentit<\/a>\n<ul class=\"sub-menu\">\n\t<li id=\"menu-item-531\" class=\"menu-item menu-item-type-post_type menu-item-object-page menu-item-531\"><a href=\"https:\/\/innet.fi\/tuki\/winhit-ohjeet\/\">WinHIT ohjekirjat<\/a><\/li>\n\t<li id=\"menu-item-532\" class=\"menu-item menu-item-type-post_type menu-item-object-page menu-item-532\"><a href=\"https:\/\/innet.fi\/tuki\/winhit-opetusvideot\/\">WinHIT opetusvideot<\/a><\/li>\n\t<li id=\"menu-item-43\" class=\"menu-item menu-item-type-post_type menu-item-object-page menu-item-43\"><a href=\"https:\/\/innet.fi\/tuki\/koodikasikirjat\/\">WinHIT koodik\u00e4sikirjat<\/a><\/li>\n\t<li id=\"menu-item-347\" class=\"menu-item menu-item-type-post_type menu-item-object-page menu-item-347\"><a href=\"https:\/\/innet.fi\/tuki\/media\/\">Media<\/a><\/li>\n<\/ul>\n<\/li>\n<li id=\"menu-item-32\" class=\"menu-item menu-item-type-post_type menu-item-object-page menu-item-32\"><a href=\"https:\/\/innet.fi\/tuki\/palvelukuvaus\/\">Palvelukuvaus<\/a><\/li>\n<li id=\"menu-item-31\" class=\"menu-item menu-item-type-post_type menu-item-object-page menu-item-31\"><a href=\"https:\/\/innet.fi\/tuki\/in-net-oy\/\">In Net Oy<\/a><\/li>\n<li id=\"menu-item-36\" class=\"menu-item menu-item-type-post_type menu-item-object-page menu-item-36\"><a href=\"https:\/\/innet.fi\/tuki\/yhteystiedot\/\">Yhteystiedot<\/a><\/li>\n<\/ul><\/div>\n            <\/div>\n<div><script> jQuery(document).ready(function(){   initDropdowns(); }); <\/script><\/div>\n<\/div>\n<\/nav>\n<\/div>\n<\/div>\n<\/div>\n<\/div>\n<\/div>\n<\/div>\n<\/section>\n<section id=\"sp-lksb94gpxcpp\" data-mobile-visibility=\"#sp-lksb94gpxcpp|false\" data-tablet-visibility=\"#sp-lksb94gpxcpp|false\" data-desktop-visibility=\"#sp-lksb94gpxcpp|false\" data-mobile-css=\"\" data-tablet-css=\"\" class=\"sp-el-section \" style=\"width: 100%; max-width: 100%; padding: 10px;\" draggable=\"false\">\n<div id=\"sp-etgmg88y2h4t\" data-mobile-visibility=\"#sp-etgmg88y2h4t|false\" data-tablet-visibility=\"#sp-etgmg88y2h4t|false\" data-desktop-visibility=\"#sp-etgmg88y2h4t|false\" data-mobile-css=\"\" data-tablet-css=\"\" class=\"sp-el-row sp-w-full  sp-m-auto spBgcover sm:sp-flex sp-justify-between\" style=\"padding: 120px 0px; width: auto; max-width: 1100px;\">\n<div id=\"sp-ebf8gnavtq3\" data-mobile-visibility=\"#sp-ebf8gnavtq3|false\" data-tablet-visibility=\"#sp-ebf8gnavtq3|false\" data-desktop-visibility=\"#sp-ebf8gnavtq3|false\" data-mobile-css=\"\" data-tablet-css=\"\" class=\"sp-el-col  spBgcover sp-w-full\" style=\"width: calc(50% + 0px);\"><span href=\"\" target=\"\" rel=\"\" class=\"sp-header-block-link\" style=\"text-decoration: none;\"><\/p>\n<h1 id=\"sp-l7nlov3k9okt\" data-mobile-css=\".sp-headline-block-l7nlov3k9okt, #sp-l7nlov3k9okt, #l7nlov3k9okt|text-align:center;\" data-tablet-css=\".sp-headline-block-l7nlov3k9okt, #sp-l7nlov3k9okt, #l7nlov3k9okt|text-align:center;\" data-mobile-visibility=\".sp-headline-block-l7nlov3k9okt|false\" data-tablet-visibility=\".sp-headline-block-l7nlov3k9okt|false\" data-desktop-visibility=\".sp-headline-block-l7nlov3k9okt|false\" class=\"sp-css-target sp-el-block sp-headline-block-l7nlov3k9okt sp-type-header\" style=\"font-size: 40px; font-family: 'Open Sans'; text-align: left; margin: 20px 0px 0px;\">WinHIT ohjekirjat<\/h1>\n<p><\/span><\/p>\n<div id=\"sp-r2h0xnf1jr4\" data-mobile-css=\".sp-text-wrapper-r2h0xnf1jr4, #sp-r2h0xnf1jr4, #r2h0xnf1jr4|text-align:left;\" data-tablet-css=\".sp-text-wrapper-r2h0xnf1jr4, #sp-r2h0xnf1jr4, #r2h0xnf1jr4|text-align:left;\" data-mobile-visibility=\".sp-text-wrapper-r2h0xnf1jr4|false\" data-tablet-visibility=\".sp-text-wrapper-r2h0xnf1jr4|false\" data-desktop-visibility=\".sp-text-wrapper-r2h0xnf1jr4|false\" class=\"sp-css-target sp-text-wrapper sp-el-block sp-text-wrapper-r2h0xnf1jr4\" style=\"padding: 10px; margin: 10px 0px 0px; text-align: left;\">\n<p><span data-teams=\"true\">K\u00e4yt\u00e4mme Refined-julkaisupalvelua WinHIT-j\u00e4rjestelm\u00e4n dokumenttien julkaisuun. <\/span>Sivustolla pystyt lukemaan ohjekirjoja selaimessa sek\u00e4 lataamaan ne pdf-muodossa.<\/p>\n<\/div>\n<div id=\"sp-button-parent-fawj39ajdgvo\" data-mobile-css=\"#sp-button-parent-fawj39ajdgvo|text-align:center;\" data-tablet-css=\"#sp-button-parent-fawj39ajdgvo|text-align:center;\" class=\"sp-button-wrapper sp-el-block\" style=\"margin: 30px 0px 0px;\"><a href=\"https:\/\/winhit.refined.site\/\" id=\"sp-fawj39ajdgvo\" data-mobile-css=\"\" data-tablet-css=\"\" data-mobile-visibility=\".sp-button-fawj39ajdgvo|false\" data-tablet-visibility=\".sp-button-fawj39ajdgvo|false\" data-desktop-visibility=\".sp-button-fawj39ajdgvo|false\" target=\"_blank\" rel=\"\" class=\"sp-button sp-css-target sp-text-center sp-inline-block sp-leading-none sp-button-fawj39ajdgvo\" style=\"font-size: 22px; background: linear-gradient(-180deg, rgb(67, 160, 71), rgb(56, 135, 60) 90%); color: rgb(255, 255, 255); width: 100%; padding: 16px 20px; border-radius: 4px; box-shadow: rgba(255, 255, 255, 0.2) 0px 1px 0px inset; letter-spacing: 1px;\" draggable=\"false\"><span style=\"font-family: Signika;\">Ohjekirjat<\/span><\/a><\/div>\n<\/div>\n<div id=\"sp-zuiupb5gigv\" data-mobile-visibility=\"#sp-zuiupb5gigv|false\" data-tablet-visibility=\"#sp-zuiupb5gigv|false\" data-desktop-visibility=\"#sp-zuiupb5gigv|false\" data-mobile-css=\"#sp-zuiupb5gigv|position:undefined;top:undefinedpx;right:undefinedpx;bottom:undefinedpx;left:undefinedpx;z-index:undefined;overflow:undefined;\" data-tablet-css=\"#sp-zuiupb5gigv|position:undefined;top:undefinedpx;right:undefinedpx;bottom:undefinedpx;left:undefinedpx;z-index:undefined;overflow:undefined;\" class=\"sp-el-col  spBgcover sp-w-full\" style=\"width: calc(50% + 0px);\">\n<style type=\"text\/css\">\n      #sp-zuiupb5gigv .sp-col-top .seedprod-shape-fill {fill: undefined;} #sp-zuiupb5gigv .sp-col-top svg {width: undefined%;height: undefinedpx;transform: translateX(-50%);} #sp-zuiupb5gigv .sp-col-bottom .seedprod-shape-fill {fill: undefined;} #sp-zuiupb5gigv .sp-col-bottom svg {width: undefined%;height: undefinedpx;transform: translateX(-50%);}\n    <\/style>\n<div class=\"sp-col-shape sp-col-top\" style=\"z-index: 0;\">\n<div><\/div>\n<\/div>\n<div class=\"sp-col-shape sp-col-bottom\" style=\"z-index: 0;\">\n<div><\/div>\n<\/div>\n<figure id=\"sp-g97canupg9n\" data-mobile-css=\"#sp-g97canupg9n|text-align:center;\" data-tablet-css=\"#sp-g97canupg9n|text-align:center;\" class=\"sp-image-wrapper sp-el-block\" style=\"margin: 20px 0px 0px; text-align: center;\">\n<div><a href=\"https:\/\/innet.fi\/tuki\/wp-content\/uploads\/sites\/4\/2025\/09\/refined.png\" rel=\"\" data-lightbox=\"sp-lightbox-g97canupg9n\" class=\"sp-inline-block sp-lightbox-gallery\"><img loading=\"lazy\" decoding=\"async\" src=\"https:\/\/innet.fi\/tuki\/wp-content\/uploads\/sites\/4\/2025\/09\/refined.png\" alt=\"\" width=\"1570\" height=\"858\" srcset=\" https:\/\/innet.fi\/tuki\/wp-content\/uploads\/sites\/4\/2025\/09\/refined.png 1570w\" data-mobile-visibility=\".sp-image-block-g97canupg9n|false\" data-tablet-visibility=\".sp-image-block-g97canupg9n|false\" data-desktop-visibility=\".sp-image-block-g97canupg9n|false\" class=\"sp-image-block-g97canupg9n\" style=\"padding: 5px; background-color: rgb(255, 255, 255); width: 1570px; border-width: 1px; border-style: solid; border-color: rgb(222, 222, 222);\"><\/a><\/div>\n<div id=\"sp-image-dynamic-tags-js-g97canupg9n\"><script>jQuery(function() { image_dynamic_tags('g97canupg9n' );});<\/script><\/div>\n<\/figure>\n<\/div>\n<\/div>\n<\/section>\n<section id=\"sp-dkzpeznzakpe\" data-mobile-visibility=\"#sp-dkzpeznzakpe|false\" data-tablet-visibility=\"#sp-dkzpeznzakpe|false\" data-desktop-visibility=\"#sp-dkzpeznzakpe|false\" data-mobile-css=\"\" data-tablet-css=\"\" class=\"sp-el-section \" style=\"background-image: radial-gradient(circle, rgb(20, 109, 142) 0%, rgb(20, 85, 108) 100%); background-color: rgb(82, 82, 82); width: 100%; max-width: 100%; padding: 1px 10px 10px;\">\n<div id=\"sp-f0ynsz\" data-mobile-visibility=\"#sp-f0ynsz|false\" data-tablet-visibility=\"#sp-f0ynsz|false\" data-desktop-visibility=\"#sp-f0ynsz|false\" data-mobile-css=\"\" data-tablet-css=\"\" class=\"sp-el-row sp-w-full  sp-m-auto sm:sp-flex sp-justify-between\">\n<div id=\"sp-v3ffz7\" data-mobile-visibility=\"#sp-v3ffz7|false\" data-tablet-visibility=\"#sp-v3ffz7|false\" data-desktop-visibility=\"#sp-v3ffz7|false\" data-mobile-css=\"\" data-tablet-css=\"\" class=\"sp-el-col  sp-w-full\" style=\"width: calc(100% + 0px);\">\n<div id=\"sp-mq6ivc\" data-mobile-css=\"#sp-mq6ivc|height:60px;\" data-tablet-css=\"#sp-mq6ivc|height:10px;\" class=\"sp-spacer\" style=\"height: 1px;\"><\/div>\n<\/div>\n<\/div>\n<\/section>\n<section id=\"sp-xnwbpqave6zp\" data-mobile-visibility=\"#sp-xnwbpqave6zp|false\" data-tablet-visibility=\"#sp-xnwbpqave6zp|false\" data-desktop-visibility=\"#sp-xnwbpqave6zp|false\" data-mobile-css=\"\" data-tablet-css=\"\" class=\"sp-el-section  spBgcover\" style=\"background-color: rgb(243, 243, 243); width: 100%; max-width: 100%; padding: 10px;\">\n<div id=\"sp-jqc4kq\" data-mobile-visibility=\"#sp-jqc4kq|false\" data-tablet-visibility=\"#sp-jqc4kq|false\" data-desktop-visibility=\"#sp-jqc4kq|false\" data-mobile-css=\"\" data-tablet-css=\"\" class=\"sp-el-row sp-w-full  sp-m-auto sp-flex sp-flex-row sp-items-center\" style=\"width: auto; max-width: 1100px;\">\n<div id=\"sp-f9x3kj\" data-mobile-visibility=\"#sp-f9x3kj|false\" data-tablet-visibility=\"#sp-f9x3kj|false\" data-desktop-visibility=\"#sp-f9x3kj|false\" data-mobile-css=\"\" data-tablet-css=\"\" class=\"sp-el-col  sp-w-full\" style=\"width: calc(35% + 0px);\">\n<figure id=\"sp-nm1aheynvmnp\" data-mobile-css=\"#sp-nm1aheynvmnp|text-align:center;\" data-tablet-css=\"#sp-nm1aheynvmnp|text-align:center;\" class=\"sp-image-wrapper sp-el-block\" style=\"margin: 4px 0px 0px; text-align: left;\">\n<div><span><img loading=\"lazy\" decoding=\"async\" src=\"https:\/\/innet.fi\/tuki\/wp-content\/uploads\/sites\/4\/2023\/03\/theme-builder-bPneiY8MhvuoBaxV.png\" alt=\"\" width=\"190\" height=\"50\" data-dynamic-tag=\"\" data-image-src=\"\" data-mobile-visibility=\".sp-image-block-nm1aheynvmnp|false\" data-tablet-visibility=\".sp-image-block-nm1aheynvmnp|false\" data-desktop-visibility=\".sp-image-block-nm1aheynvmnp|false\" class=\"sp-image-block-nm1aheynvmnp custom-preview-class\" style=\"width: 190px;\"><\/span><\/div>\n<div id=\"sp-image-dynamic-tags-js-nm1aheynvmnp\"><script>jQuery(function() { image_dynamic_tags('nm1aheynvmnp' );});<\/script><\/div>\n<\/figure>\n<\/div>\n<div id=\"sp-lcrpg9\" data-mobile-visibility=\"#sp-lcrpg9|false\" data-tablet-visibility=\"#sp-lcrpg9|false\" data-desktop-visibility=\"#sp-lcrpg9|false\" data-mobile-css=\"\" data-tablet-css=\"\" class=\"sp-el-col  sp-w-full\" style=\"width: calc(65% + 0px);\">\n<div id=\"sp-t5ym1u\" data-mobile-css=\"#sp-t5ym1u .nav-menu .menu-item |text-align:center;width:100%\" data-tablet-css=\"#sp-t5ym1u .nav-menu .menu-item |text-align:center\" data-mobile-visibility=\".sp-nav-menu-block-t5ym1u|false\" data-tablet-visibility=\".sp-nav-menu-block-t5ym1u|false\" data-desktop-visibility=\".sp-nav-menu-block-t5ym1u|false\" class=\"sp-nav sp-flex sp-el-block sp-justify-end sp-nav-menu-block-t5ym1u\" style=\"margin: 12px 0px 0px; text-transform: uppercase; font-size: 14px; color: rgb(60, 84, 104); font-family: 'Open Sans'; font-weight: 600; font-style: normal;\">\n<style type=\"text\/css\" data-mobile-css=\"\" data-tablet-css=\"#sp-t5ym1u|justify-content:center\"><\/style>\n<style type=\"text\/css\" data-mobile-css=\"#sp-t5ym1u ul li a |text-align:center\" data-tablet-css=\"#sp-t5ym1u ul li a |text-align:center\"><\/style>\n<style type=\"text\/css\" data-mobile-css=\"\"><\/style>\n<style type=\"text\/css\" data-mobile-css=\"#sp-t5ym1u .nav-bar |align-items:center\"><\/style>\n<style type=\"text\/css\">\n    #sp-t5ym1u .seedprod-menu-horizontal .nav-menu .menu-item ,#sp-t5ym1u .seedprod-menu-horizontal .nav-menu .seedprod-menu-heading , #sp-t5ym1u .seedprod-menu-separator {padding:0px 18px}<\/p>\n<p>    #sp-t5ym1u .nav-menu ul.sub-menu {box-shadow:0 25px 50px -12px rgba(0, 0, 0, 0.25)}<\/p>\n<p>    #sp-t5ym1u ul li a {text-transform:uppercase;font-size:14px;font-family:Open Sans;font-weight:600;font-style:normal}<\/p>\n<p>    #sp-t5ym1u .seedprod-menu-horizontal .nav-menu .separator.menu-item { padding:0px; }<\/p>\n<p>    #sp-t5ym1u .custom-restricted-width .menu-item{padding:18px 0px}<\/p>\n<p>    #sp-t5ym1u .seedprod-menu-list li a {color:#3C5468;text-align:right}\n    #sp-t5ym1u .seedprod-menu-list li{color:#3C5468;text-align:right}<\/p>\n<p>    #sp-t5ym1u .seedprod-menu-list li a:hover {text-align:right}<\/p>\n<p>    #sp-t5ym1u .sub-menu {border-radius:6px;padding:4px 4px 4px 4px }<\/p>\n<p>    #sp-t5ym1u .sub-menu a {color:#3C5468}<\/p>\n<p>    #sp-t5ym1u ul.seedprod-menu-list ul.sub-menu li a:hover{}<\/p>\n<p>    #sp-t5ym1u .bar{background-color:#3C5468;}\n  <\/style>\n<div class=\"sp-nested-nav-wrapper h sp-nav-classwinhit-tuki\">\n<div class=\"seedprod-menu seedprod-menu-builder seedprod-menu-horizontal sp-mobile-menu-false\">\n<div class=\"\">\n<nav class=\"nav-bar\">\n<div class=\"hamburger\"><span class=\"bar\"><\/span><span class=\"bar\"><\/span><span class=\"bar\"><\/span><\/div>\n<div class=\"nav-menu\">\n<div>\n              <div class=\"nav-menu-bar\"><ul id=\"menu-menu-2\" class=\"seedprod-menu-list\"><li class=\"menu-item menu-item-type-post_type menu-item-object-page menu-item-home menu-item-30\"><a href=\"https:\/\/innet.fi\/tuki\/\">Etusivu<\/a><\/li>\n<li class=\"menu-item menu-item-type-custom menu-item-object-custom menu-item-has-children menu-item-267\"><a href=\"https:\/\/innet.fi\/tuki\/winhit-ohjeet\/\">Dokumentit<\/a>\n<ul class=\"sub-menu\">\n\t<li class=\"menu-item menu-item-type-post_type menu-item-object-page menu-item-531\"><a href=\"https:\/\/innet.fi\/tuki\/winhit-ohjeet\/\">WinHIT ohjekirjat<\/a><\/li>\n\t<li class=\"menu-item menu-item-type-post_type menu-item-object-page menu-item-532\"><a href=\"https:\/\/innet.fi\/tuki\/winhit-opetusvideot\/\">WinHIT opetusvideot<\/a><\/li>\n\t<li class=\"menu-item menu-item-type-post_type menu-item-object-page menu-item-43\"><a href=\"https:\/\/innet.fi\/tuki\/koodikasikirjat\/\">WinHIT koodik\u00e4sikirjat<\/a><\/li>\n\t<li class=\"menu-item menu-item-type-post_type menu-item-object-page menu-item-347\"><a href=\"https:\/\/innet.fi\/tuki\/media\/\">Media<\/a><\/li>\n<\/ul>\n<\/li>\n<li class=\"menu-item menu-item-type-post_type menu-item-object-page menu-item-32\"><a href=\"https:\/\/innet.fi\/tuki\/palvelukuvaus\/\">Palvelukuvaus<\/a><\/li>\n<li class=\"menu-item menu-item-type-post_type menu-item-object-page menu-item-31\"><a href=\"https:\/\/innet.fi\/tuki\/in-net-oy\/\">In Net Oy<\/a><\/li>\n<li class=\"menu-item menu-item-type-post_type menu-item-object-page menu-item-36\"><a href=\"https:\/\/innet.fi\/tuki\/yhteystiedot\/\">Yhteystiedot<\/a><\/li>\n<\/ul><\/div>\n            <\/div>\n<div><script> jQuery(document).ready(function(){   initDropdowns(); }); <\/script><\/div>\n<\/div>\n<\/nav>\n<\/div>\n<\/div>\n<\/div>\n<\/div>\n<\/div>\n<\/div>\n<\/section>\n<section id=\"sp-runwdt\" data-mobile-visibility=\"#sp-runwdt|false\" data-tablet-visibility=\"#sp-runwdt|false\" data-desktop-visibility=\"#sp-runwdt|false\" data-mobile-css=\"\" data-tablet-css=\"\" class=\"sp-el-section \" style=\"border-top: 1px solid rgb(222, 222, 222); background-color: rgb(243, 243, 243); width: 100%; max-width: 100%; padding: 3px; border-radius: 0px;\">\n<div id=\"sp-cs055m\" data-mobile-visibility=\"#sp-cs055m|false\" data-tablet-visibility=\"#sp-cs055m|false\" data-desktop-visibility=\"#sp-cs055m|false\" data-mobile-css=\"\" data-tablet-css=\"\" class=\"sp-el-row sp-w-full  sp-m-auto sm:sp-flex sp-justify-between\" style=\"padding: 0px; width: auto; max-width: 1000px;\">\n<div id=\"sp-ytj6ry\" data-mobile-visibility=\"#sp-ytj6ry|false\" data-tablet-visibility=\"#sp-ytj6ry|false\" data-desktop-visibility=\"#sp-ytj6ry|false\" data-mobile-css=\"\" data-tablet-css=\"\" class=\"sp-el-col  sp-w-full\" style=\"width: calc(100% + 0px);\">\n<figure id=\"sp-ldz1w8\" data-mobile-css=\"#sp-ldz1w8|text-align:center;\" data-tablet-css=\"#sp-ldz1w8|text-align:center;\" class=\"sp-image-wrapper sp-el-block\" style=\"margin: 0px; text-align: center;\">\n<div><span><img loading=\"lazy\" decoding=\"async\" src=\"https:\/\/innet.fi\/tuki\/wp-content\/uploads\/sites\/4\/2023\/03\/innet_logo2.png\" alt=\"\" width=\"158\" height=\"59\" data-dynamic-tag=\"\" data-image-src=\"\" data-mobile-visibility=\".sp-image-block-ldz1w8|false\" data-tablet-visibility=\".sp-image-block-ldz1w8|false\" data-desktop-visibility=\".sp-image-block-ldz1w8|false\" class=\"sp-image-block-ldz1w8 custom-preview-class\" style=\"width: 130px;\"><\/span><\/div>\n<div id=\"sp-image-dynamic-tags-js-ldz1w8\"><script>jQuery(function() { image_dynamic_tags('ldz1w8' );});<\/script><\/div>\n<\/figure>\n<div id=\"sp-dx1tc9\" data-mobile-css=\".sp-text-wrapper-dx1tc9, #sp-dx1tc9, #dx1tc9|text-align:left;\" data-tablet-css=\".sp-text-wrapper-dx1tc9, #sp-dx1tc9, #dx1tc9|text-align:left;\" data-mobile-visibility=\".sp-text-wrapper-dx1tc9|false\" data-tablet-visibility=\".sp-text-wrapper-dx1tc9|false\" data-desktop-visibility=\".sp-text-wrapper-dx1tc9|false\" class=\"sp-css-target sp-text-wrapper sp-el-block sp-text-wrapper-dx1tc9\" style=\"margin: 0px; text-align: center;\">\n<p>In Net Oy 2025<\/p>\n<\/div>\n<\/div>\n<\/div>\n<\/section>\n<\/div>\n","protected":false},"excerpt":{"rendered":"<p>WinHIT ohjekirjat K\u00e4yt\u00e4mme Refined-julkaisupalvelua WinHIT-j\u00e4rjestelm\u00e4n dokumenttien julkaisuun. Sivustolla pystyt lukemaan ohjekirjoja selaimessa sek\u00e4 lataamaan ne pdf-muodossa. Ohjekirjat In Net Oy 2025<\/p>\n","protected":false},"author":1,"featured_media":0,"parent":0,"menu_order":0,"comment_status":"closed","ping_status":"closed","template":"","meta":{"footnotes":""},"class_list":["post-10","page","type-page","status-publish","hentry"],"_links":{"self":[{"href":"https:\/\/innet.fi\/tuki\/wp-json\/wp\/v2\/pages\/10","targetHints":{"allow":["GET"]}}],"collection":[{"href":"https:\/\/innet.fi\/tuki\/wp-json\/wp\/v2\/pages"}],"about":[{"href":"https:\/\/innet.fi\/tuki\/wp-json\/wp\/v2\/types\/page"}],"author":[{"embeddable":true,"href":"https:\/\/innet.fi\/tuki\/wp-json\/wp\/v2\/users\/1"}],"replies":[{"embeddable":true,"href":"https:\/\/innet.fi\/tuki\/wp-json\/wp\/v2\/comments?post=10"}],"version-history":[{"count":80,"href":"https:\/\/innet.fi\/tuki\/wp-json\/wp\/v2\/pages\/10\/revisions"}],"predecessor-version":[{"id":539,"href":"https:\/\/innet.fi\/tuki\/wp-json\/wp\/v2\/pages\/10\/revisions\/539"}],"wp:attachment":[{"href":"https:\/\/innet.fi\/tuki\/wp-json\/wp\/v2\/media?parent=10"}],"curies":[{"name":"wp","href":"https:\/\/api.w.org\/{rel}","templated":true}]}}